{"id":11,"date":"2012-10-23T09:28:15","date_gmt":"2012-10-23T08:28:15","guid":{"rendered":"http:\/\/www.sskborek.cz\/?page_id=11"},"modified":"2021-03-14T22:03:43","modified_gmt":"2021-03-14T21:03:43","slug":"kontakt","status":"publish","type":"page","link":"https:\/\/www.sskborek.cz\/?page_id=11","title":{"rendered":"Kontakt"},"content":{"rendered":"<p style=\"text-align: left;\">ul. Pra\u017esk\u00e1 \u010d.p. 34<br \/>\nBorek,\u00a0 PS\u010c \u00a0373 67<br \/>\nokr. \u010cesk\u00e9 Bud\u011bjovice<br \/>\nI\u010c: 650 50 312<\/p>\n<p>\u010d\u00edslo bankovn\u00edho \u00fa\u010dtu: 111242782\/0300<\/p>\n<p style=\"text-align: left;\">kontaktn\u00ed osoba: \u00a0 \u00a0Ji\u0159\u00ed Marek &#8211; p\u0159edseda klubu<br \/>\ntel.: \u00a0 \u00a0 \u00a0 \u00a0 \u00a0 \u00a0 \u00a0 \u00a0 \u00a0 \u00a0 \u00a0\u00a0 \u00a0 \u00a0+420 603 874 116<br \/>\ne-mail: \u00a0 \u00a0 \u00a0 \u00a0 \u00a0 \u00a0 \u00a0 \u00a0 \u00a0 \u00a0ajima(zavin\u00e1\u010d)centrum.cz<\/p>\n<p style=\"text-align: left;\">mapa: \u00a0 \u00a0 \u00a0 \u00a0 \u00a0 \u00a0<a href=\"http:\/\/mapy.cz\/#x=14.508098&amp;y=49.026192&amp;z=13&amp;t=s&amp;u=u&amp;umc=9h6XYxSwZ1&amp;uml=Borek%2C%20okres%20\u010cesk\u00e9%20Bud\u011bjovice\">49\u00b01&#8217;49.961&#8243;N,14\u00b030&#8217;35.599&#8243;E<\/a><\/p>\n","protected":false},"excerpt":{"rendered":"<p>ul. Pra\u017esk\u00e1 \u010d.p. 34 Borek,\u00a0 PS\u010c \u00a0373 67 okr. \u010cesk\u00e9 Bud\u011bjovice I\u010c: 650 50 312 \u010d\u00edslo bankovn\u00edho \u00fa\u010dtu: 111242782\/0300 kontaktn\u00ed osoba: \u00a0 \u00a0Ji\u0159\u00ed Marek &#8211; p\u0159edseda klubu tel.: \u00a0 \u00a0 \u00a0 \u00a0 \u00a0 \u00a0 \u00a0 \u00a0 \u00a0 \u00a0 \u00a0\u00a0 \u00a0 &hellip; <a href=\"https:\/\/www.sskborek.cz\/?page_id=11\">Cel\u00fd p\u0159\u00edsp\u011bvek <span class=\"meta-nav\">&rarr;<\/span><\/a><\/p>\n","protected":false},"author":1,"featured_media":0,"parent":0,"menu_order":10,"comment_status":"closed","ping_status":"closed","template":"","meta":[],"_links":{"self":[{"href":"https:\/\/www.sskborek.cz\/index.php?rest_route=\/wp\/v2\/pages\/11"}],"collection":[{"href":"https:\/\/www.sskborek.cz\/index.php?rest_route=\/wp\/v2\/pages"}],"about":[{"href":"https:\/\/www.sskborek.cz\/index.php?rest_route=\/wp\/v2\/types\/page"}],"author":[{"embeddable":true,"href":"https:\/\/www.sskborek.cz\/index.php?rest_route=\/wp\/v2\/users\/1"}],"replies":[{"embeddable":true,"href":"https:\/\/www.sskborek.cz\/index.php?rest_route=%2Fwp%2Fv2%2Fcomments&post=11"}],"version-history":[{"count":39,"href":"https:\/\/www.sskborek.cz\/index.php?rest_route=\/wp\/v2\/pages\/11\/revisions"}],"predecessor-version":[{"id":3270,"href":"https:\/\/www.sskborek.cz\/index.php?rest_route=\/wp\/v2\/pages\/11\/revisions\/3270"}],"wp:attachment":[{"href":"https:\/\/www.sskborek.cz\/index.php?rest_route=%2Fwp%2Fv2%2Fmedia&parent=11"}],"curies":[{"name":"wp","href":"https:\/\/api.w.org\/{rel}","templated":true}]}}